{"id":613,"date":"2019-02-12T09:16:59","date_gmt":"2019-02-12T08:16:59","guid":{"rendered":"http:\/\/concerned-coyote.w5.wpsandbox.pro\/?page_id=613"},"modified":"2024-03-11T11:06:32","modified_gmt":"2024-03-11T10:06:32","slug":"about","status":"publish","type":"page","link":"https:\/\/olgagomezortiz.es\/?page_id=613","title":{"rendered":"Sobre Mi"},"content":{"rendered":"\t\t<div data-elementor-type=\"wp-post\" data-elementor-id=\"613\" class=\"elementor elementor-613\">\n\t\t\t\t\t\t\t\t\t<section class=\"elementor-section elementor-top-section elementor-element elementor-element-3c01312 elementor-section-boxed elementor-section-height-default elementor-section-height-default\" data-id=\"3c01312\" data-element_type=\"section\">\n\t\t\t\t\t\t<div class=\"elementor-container elementor-column-gap-default\">\n\t\t\t\t\t<div class=\"elementor-column elementor-col-100 elementor-top-column elementor-element elementor-element-6b22b32\" data-id=\"6b22b32\" data-element_type=\"column\">\n\t\t\t<div class=\"elementor-widget-wrap\">\n\t\t\t\t\t\t\t\t\t<\/div>\n\t\t<\/div>\n\t\t\t\t\t\t\t<\/div>\n\t\t<\/section>\n\t\t\t\t<section class=\"elementor-section elementor-top-section elementor-element elementor-element-09bc979 elementor-section-boxed elementor-section-height-default elementor-section-height-default\" data-id=\"09bc979\" data-element_type=\"section\">\n\t\t\t\t\t\t<div class=\"elementor-container elementor-column-gap-default\">\n\t\t\t\t\t<div class=\"elementor-column elementor-col-50 elementor-top-column elementor-element elementor-element-a1cf419\" data-id=\"a1cf419\" data-element_type=\"column\">\n\t\t\t<div class=\"elementor-widget-wrap elementor-element-populated\">\n\t\t\t\t\t\t\t\t<div class=\"elementor-element elementor-element-77622af elementor-widget elementor-widget-heading\" data-id=\"77622af\" data-element_type=\"widget\" data-widget_type=\"heading.default\">\n\t\t\t\t<div class=\"elementor-widget-container\">\n\t\t\t<h2 class=\"elementor-heading-title elementor-size-default\">Perfil<\/h2>\t\t<\/div>\n\t\t\t\t<\/div>\n\t\t\t\t\t<\/div>\n\t\t<\/div>\n\t\t\t\t<div class=\"elementor-column elementor-col-50 elementor-top-column elementor-element elementor-element-a9be8e0\" data-id=\"a9be8e0\" data-element_type=\"column\">\n\t\t\t<div class=\"elementor-widget-wrap elementor-element-populated\">\n\t\t\t\t\t\t\t\t<div class=\"elementor-element elementor-element-4c692ce elementor-widget elementor-widget-heading\" data-id=\"4c692ce\" data-element_type=\"widget\" data-widget_type=\"heading.default\">\n\t\t\t\t<div class=\"elementor-widget-container\">\n\t\t\t<h2 class=\"elementor-heading-title elementor-size-default\">Lineas de Investigaci\u00f3n<\/h2>\t\t<\/div>\n\t\t\t\t<\/div>\n\t\t\t\t\t<\/div>\n\t\t<\/div>\n\t\t\t\t\t\t\t<\/div>\n\t\t<\/section>\n\t\t\t\t<section class=\"elementor-section elementor-top-section elementor-element elementor-element-c717403 elementor-section-boxed elementor-section-height-default elementor-section-height-default\" data-id=\"c717403\" data-element_type=\"section\">\n\t\t\t\t\t\t<div class=\"elementor-container elementor-column-gap-default\">\n\t\t\t\t\t<div class=\"elementor-column elementor-col-50 elementor-top-column elementor-element elementor-element-6d6501b\" data-id=\"6d6501b\" data-element_type=\"column\">\n\t\t\t<div class=\"elementor-widget-wrap elementor-element-populated\">\n\t\t\t\t\t\t\t\t<div class=\"elementor-element elementor-element-f5b564c elementor-widget elementor-widget-text-editor\" data-id=\"f5b564c\" data-element_type=\"widget\" data-widget_type=\"text-editor.default\">\n\t\t\t\t<div class=\"elementor-widget-container\">\n\t\t\t\t\t\t\t<ul><li>Profesora titular del Departamento de Psicolog\u00eda de la Universidad de C\u00f3rdoba<\/li><\/ul><ul><li>\u00c1rea de conocimiento: Psicolog\u00eda Evolutiva y de la Educaci\u00f3n<\/li><\/ul><ul><li>Grupo de investigaci\u00f3n: Laboratorio de Estudios sobre Convivencia y Prevenci\u00f3n de la Violencia (LAECOVI). Grupo PAIDI HUM-298<\/li><\/ul><ul><li>Doctora en Ciencias Sociales y Jur\u00eddicas por la Universidad de C\u00f3rdoba. Tesis con Menci\u00f3n Internacional y por compendio de Art\u00edculos. Premio Extraordinario.<\/li><\/ul><ul><li>Titulo de Experto para la Formaci\u00f3n del Profesorado Universitario.<\/li><\/ul><ul><li>M\u00e1ster en Intervenci\u00f3n e Investigaci\u00f3n Psicol\u00f3gica en Justicia, Salud y Bienestar Social. Universidad de C\u00f3rdoba.<\/li><\/ul><ul><li>Licenciatura en Psicolog\u00eda. Universidad de Granada.<\/li><\/ul>\t\t\t\t\t\t<\/div>\n\t\t\t\t<\/div>\n\t\t\t\t\t<\/div>\n\t\t<\/div>\n\t\t\t\t<div class=\"elementor-column elementor-col-50 elementor-top-column elementor-element elementor-element-f80366a\" data-id=\"f80366a\" data-element_type=\"column\">\n\t\t\t<div class=\"elementor-widget-wrap elementor-element-populated\">\n\t\t\t\t\t\t\t\t<div class=\"elementor-element elementor-element-c13c048 elementor-drop-cap-yes elementor-drop-cap-view-default elementor-widget elementor-widget-text-editor\" data-id=\"c13c048\" data-element_type=\"widget\" data-settings=\"{&quot;drop_cap&quot;:&quot;yes&quot;}\" data-widget_type=\"text-editor.default\">\n\t\t\t\t<div class=\"elementor-widget-container\">\n\t\t\t\t\t\t\t<ul><li>Retos de la parentalidad en el siglo XXI: conflicto familia-trabajo, conciliaci\u00f3n y bienestar de los progenitores. An\u00e1lisis del impacto emocional y social de estos procesos.<\/li><\/ul><ul><li>La familia como contexto de desarrollo humano: an\u00e1lisis de los estilos educativos, la gesti\u00f3n de la disciplina familiar, el apego y la estructura familiar como elementos de riesgo o protecci\u00f3n del desarrollo infantil o juvenil.<\/li><\/ul><ul><li>La competencia social, emocional y moral en la infancia y adolescencia: estudio de sus efectos protectores a nivel individual y su impacto en la convivencia escolar<\/li><\/ul><ul><li>Fen\u00f3menos de violencia interpersonal entre iguales: Bullying y cyberbullying<\/li><\/ul><ul><li>Desarrollo y validaci\u00f3n de instrumentos de evaluaci\u00f3n psicol\u00f3gicos<\/li><\/ul>\t\t\t\t\t\t<\/div>\n\t\t\t\t<\/div>\n\t\t\t\t\t<\/div>\n\t\t<\/div>\n\t\t\t\t\t\t\t<\/div>\n\t\t<\/section>\n\t\t\t\t<section class=\"elementor-section elementor-top-section elementor-element elementor-element-ed7f698 elementor-section-boxed elementor-section-height-default elementor-section-height-default\" data-id=\"ed7f698\" data-element_type=\"section\">\n\t\t\t\t\t\t<div class=\"elementor-container elementor-column-gap-default\">\n\t\t\t\t\t<div class=\"elementor-column elementor-col-100 elementor-top-column elementor-element elementor-element-68c007d\" data-id=\"68c007d\" data-element_type=\"column\">\n\t\t\t<div class=\"elementor-widget-wrap elementor-element-populated\">\n\t\t\t\t\t\t\t\t<div class=\"elementor-element elementor-element-205deaf elementor-widget-divider--view-line elementor-widget elementor-widget-divider\" data-id=\"205deaf\" data-element_type=\"widget\" data-widget_type=\"divider.default\">\n\t\t\t\t<div class=\"elementor-widget-container\">\n\t\t\t\t\t<div class=\"elementor-divider\">\n\t\t\t<span class=\"elementor-divider-separator\">\n\t\t\t\t\t\t<\/span>\n\t\t<\/div>\n\t\t\t\t<\/div>\n\t\t\t\t<\/div>\n\t\t\t\t<div class=\"elementor-element elementor-element-949ad62 elementor-widget elementor-widget-spacer\" data-id=\"949ad62\" data-element_type=\"widget\" data-widget_type=\"spacer.default\">\n\t\t\t\t<div class=\"elementor-widget-container\">\n\t\t\t\t\t<div class=\"elementor-spacer\">\n\t\t\t<div class=\"elementor-spacer-inner\"><\/div>\n\t\t<\/div>\n\t\t\t\t<\/div>\n\t\t\t\t<\/div>\n\t\t\t\t\t<\/div>\n\t\t<\/div>\n\t\t\t\t\t\t\t<\/div>\n\t\t<\/section>\n\t\t\t\t<section class=\"elementor-section elementor-top-section elementor-element elementor-element-80aaae1 elementor-section-boxed elementor-section-height-default elementor-section-height-default\" data-id=\"80aaae1\" data-element_type=\"section\">\n\t\t\t\t\t\t<div class=\"elementor-container elementor-column-gap-default\">\n\t\t\t\t\t<div class=\"elementor-column elementor-col-100 elementor-top-column elementor-element elementor-element-4c8f581\" data-id=\"4c8f581\" data-element_type=\"column\">\n\t\t\t<div class=\"elementor-widget-wrap elementor-element-populated\">\n\t\t\t\t\t\t\t\t<div class=\"elementor-element elementor-element-6e770db elementor-widget elementor-widget-text-editor\" data-id=\"6e770db\" data-element_type=\"widget\" data-widget_type=\"text-editor.default\">\n\t\t\t\t<div class=\"elementor-widget-container\">\n\t\t\t\t\t\t\t<p>Soy profesora titular del <a href=\"http:\/\/www.uco.es\/organiza\/departamentos\/psicologia\/\">Departamento de Psicolog\u00eda<\/a> de la <span style=\"color: #33cccc;\"><a style=\"color: #33cccc;\" href=\"http:\/\/www.uco.es\/\" target=\"_blank\" rel=\"noopener\">Universidad de C\u00f3rdoba\u00a0<\/a><\/span>vinculada al grupo de investigaci\u00f3n\u00a0<span style=\"color: #33cccc;\"><a style=\"color: #33cccc;\" href=\"https:\/\/www.laecovi.com\/\" target=\"_blank\" rel=\"noopener\">LAECOVI<\/a><\/span>.\u00a0<\/p><p>Mis publicaciones cient\u00edficas se han focalizado en el an\u00e1lisis de los estilos educativos parentales y la competencia social como elementos de influencia en el desarrollo y ajuste psicosocial adolescente y particularmente en la implicaci\u00f3n en bullying. Actualmente me encuentro desarrollando otros estudios que tienen su foco en las figuras parentales buscando examinar el impacto emocional derivado de la dificultad de conciliar las tareas familiares con las de otras esferas y sus posibles causas y consecuencias individuales y sociales. Este es el objetivo del proyecto IMEPA, financiado por el Ministerio de Ciencia e Innovaci\u00f3n, en el que ejerzo de Investigadora Principal (IP). Tambi\u00e9n he sido una de las IP del equipo espa\u00f1ol del proyecto europeo <span style=\"color: #00ccff;\"><span style=\"color: #33cccc;\"><a style=\"color: #33cccc;\" href=\"https:\/\/www.boostproject.eu\/\" target=\"_blank\" rel=\"noopener\">BOOST<\/a><\/span>\u00a0<\/span>con referencia 755175 (H2020) cuyo objetivo fue dise\u00f1ar y testar la efectividad de un programa de intervenci\u00f3n basado en la promoci\u00f3n de la competencia social y emocional para fomentar la resiliencia y salud mental de los escolares de primaria. Formo parte del banco de expertos de la Agencia Estatal de Investigaci\u00f3n desde 2017.\u00a0<\/p><p>En cuanto a la labor docente, he impartido asignaturas dentro del Grado de\u00a0<span style=\"color: #00ccff;\"><span style=\"color: #33cccc;\"><a style=\"color: #33cccc;\" href=\"http:\/\/www.uco.es\/organiza\/centros\/educacion\/es\/geinfantil\" target=\"_blank\" rel=\"noopener\">Educaci\u00f3n Infantil<\/a><\/span>\u00a0<\/span>y\u00a0<span style=\"color: #00ccff;\"><span style=\"color: #33cccc;\"><a style=\"color: #33cccc;\" href=\"http:\/\/www.uco.es\/organiza\/centros\/educacion\/es\/grado-en-educacion-primaria\" target=\"_blank\" rel=\"noopener\">Primaria<\/a><\/span>\u00a0<\/span>y de\u00a0<span style=\"color: #00ccff;\"><span style=\"color: #33cccc;\"><a style=\"color: #33cccc;\" href=\"http:\/\/www.uco.es\/organiza\/centros\/educacion\/es\/gpsicologia\" target=\"_blank\" rel=\"noopener\">Psicolog\u00eda<\/a><\/span>,<\/span> y en el\u00a0<span style=\"color: #33cccc;\"><a style=\"color: #33cccc;\" href=\"https:\/\/www.uco.es\/estudios\/idep\/psicologia-aplicada-educacion-y-bienestar-social\" target=\"_blank\" rel=\"noopener\">M\u00e1ster de Psicolog\u00eda Aplicada a la Educaci\u00f3n y al Bienestar Social<\/a><\/span>, en el de <span style=\"color: #00ccff;\"><span style=\"color: #33cccc;\"><a style=\"color: #33cccc;\" href=\"https:\/\/www.uco.es\/idep\/master-en-supervision-evaluacion-y-direccion-de-centros-y-programas-educativos\">Supervisi\u00f3n, Evaluaci\u00f3n y Direcci\u00f3n de Centros y<\/a>\u00a0Programas Educativos<\/span>\u00a0<\/span>y en el M\u00e1ster Erasmus Mundus en Juego, Educaci\u00f3n, Juguetes y Lenguas (<span style=\"color: #33cccc;\"><a style=\"color: #33cccc;\" href=\"https:\/\/www.uco.es\/estudios\/idep\/master-erasmus-mundus-en-juego-educacion-juguetes-y-lenguas-play-education-toys-and-languages-petal\" target=\"_blank\" rel=\"noopener\">Play, Education, Toys and Lenguages, PETaL<\/a><\/span>) (todos ellos Grados y Posgrados oficiales de la UCO).\u00a0<\/p><p>Con respecto a la labor de transferencia, he liderado distintos contratos relacionados con el art\u00edculo 83 de la LOU para la colaboraci\u00f3n con organizaciones p\u00fablicas o privadas y dirigidos a la formaci\u00f3n de familias. Asimismo, he participado en distintos proyectos de transferencia, entre los que destaca el de \u201cEvaluaci\u00f3n del programa de tratamiento a familias con menores de Andaluc\u00eda. Un estudio del proceso de implementaci\u00f3n y an\u00e1lisis de su eficacia y eficiencia\u201d.<\/p><p>En mi formaci\u00f3n, destaca la realizaci\u00f3n de dos estancias de investigaci\u00f3n internacionales dentro del <span style=\"color: #00ccff;\"><span style=\"color: #33cccc;\"><a style=\"color: #33cccc;\" href=\"https:\/\/antibullyingcentre.ie\/\" target=\"_blank\" rel=\"noopener\">Antibullying Centre<\/a><\/span>\u00a0<\/span>de la Dublin City University y la obtenci\u00f3n del Premio Extraordinario de doctorado vinculado a mi <span style=\"color: #33cccc;\"><a style=\"color: #33cccc;\" href=\"https:\/\/helvia.uco.es\/xmlui\/handle\/10396\/13151\" target=\"_blank\" rel=\"noopener\">tesis doctoral<\/a><\/span>\u00a0 as\u00ed como la obtenci\u00f3n del Premio de investigaci\u00f3n Leocadio Mart\u00edn Mingorance.\u00a0<\/p><p>\u00a0<\/p>\t\t\t\t\t\t<\/div>\n\t\t\t\t<\/div>\n\t\t\t\t\t<\/div>\n\t\t<\/div>\n\t\t\t\t\t\t\t<\/div>\n\t\t<\/section>\n\t\t\t\t\t\t\t<\/div>\n\t\t<!-- AddThis Advanced Settings generic via filter on the_content --><!-- AddThis Share Buttons generic via filter on the_content -->","protected":false},"excerpt":{"rendered":"<p>Perfil Lineas de Investigaci\u00f3n Profesora titular del Departamento de Psicolog\u00eda de la Universidad de C\u00f3rdoba \u00c1rea de conocimiento: Psicolog\u00eda Evolutiva y de la Educaci\u00f3n Grupo de investigaci\u00f3n: Laboratorio de Estudios sobre Convivencia y Prevenci\u00f3n de la Violencia (LAECOVI). Grupo PAIDI HUM-298 Doctora en Ciencias Sociales y Jur\u00eddicas por la Universidad de C\u00f3rdoba. Tesis con Menci\u00f3n [&hellip;]<!-- AddThis Advanced Settings generic via filter on get_the_excerpt --><!-- AddThis Share Buttons generic via filter on get_the_excerpt --><\/p>\n","protected":false},"author":1,"featured_media":0,"parent":0,"menu_order":0,"comment_status":"closed","ping_status":"closed","template":"page-templates\/pagebuilder.php","meta":{"zakra_sidebar_layout":"stretched","zakra_remove_content_margin":false,"zakra_sidebar":"customizer","zakra_transparent_header":"0","zakra_logo":0,"zakra_main_header_style":"default","zakra_menu_item_color":"","zakra_menu_item_hover_color":"","zakra_menu_item_active_color":"","zakra_menu_active_style":"zakra_menu_active_style","zakra_page_header":true,"ngg_post_thumbnail":0,"footnotes":""},"class_list":["post-613","page","type-page","status-publish","hentry"],"_links":{"self":[{"href":"https:\/\/olgagomezortiz.es\/index.php?rest_route=\/wp\/v2\/pages\/613","targetHints":{"allow":["GET"]}}],"collection":[{"href":"https:\/\/olgagomezortiz.es\/index.php?rest_route=\/wp\/v2\/pages"}],"about":[{"href":"https:\/\/olgagomezortiz.es\/index.php?rest_route=\/wp\/v2\/types\/page"}],"author":[{"embeddable":true,"href":"https:\/\/olgagomezortiz.es\/index.php?rest_route=\/wp\/v2\/users\/1"}],"replies":[{"embeddable":true,"href":"https:\/\/olgagomezortiz.es\/index.php?rest_route=%2Fwp%2Fv2%2Fcomments&post=613"}],"version-history":[{"count":77,"href":"https:\/\/olgagomezortiz.es\/index.php?rest_route=\/wp\/v2\/pages\/613\/revisions"}],"predecessor-version":[{"id":2275,"href":"https:\/\/olgagomezortiz.es\/index.php?rest_route=\/wp\/v2\/pages\/613\/revisions\/2275"}],"wp:attachment":[{"href":"https:\/\/olgagomezortiz.es\/index.php?rest_route=%2Fwp%2Fv2%2Fmedia&parent=613"}],"curies":[{"name":"wp","href":"https:\/\/api.w.org\/{rel}","templated":true}]}}